 = -0*d - 4*d - 16, 5*j + 26 = d. Let x(y) = -474*y + 57. Is x(j) a prime number?
False
Suppose -77*o + 10589006 = 17*o. Is o a composite number?
True
Let g be (-2 - 111/9)/(5/(-15)). Let t = g - 85. Let h = 55 - t. Is h composite?
False
Suppose -36*u - 201798 = -42*u. Suppose -3*p + u = 3*y, 7*p - 2*p = 2*y + 56041. Is p a prime number?
False
Suppose -22*z + 276 = z. Is z/8 + 1 + 12389/2 composite?
False
Suppose 5*k - f - 25 = 0, 0 = 5*k - 10*k - 5*f - 5. Suppose 4*b + 3*g + 10 = g, 15 = -k*b - g. Let o = b + 136. Is o prime?
True
Let v(o) = -o**3 - o**2 - 3*o + 26. Let b be v(0). Let c = -161 - b. Let k = c - -366. Is k composite?
False
Let t = -16321 + 32900. Suppose -t = -4*c - x, 3*x + 2018 = 2*c - 6275. Is c a composite number?
True
Is (-17)/(-306)*-156802*(1 + -10) a composite number?
False
Suppose 67 = 2*c + 35. Suppose h + c = -0*x + 4*x, x - 4*h + 11 = 0. Suppose -3*n + 882 + 228 = -3*g, -1859 = -x*n - 4*g. Is n a composite number?
True
Suppose -422 = 5*m + 583. Let h = m + 139. Is (h/6)/((-1)/3) prime?
True
Suppose -224 = -4*b - 28*b. Let k(l) be the second derivative of -l**5/20 + 11*l**4/12 - 5*l**3/6 - 2*l**2 - 2*l. Is k(b) a composite number?
False
Suppose -2*p + j - 6434 = 0, -p - 405 = -4*j + 2819. Let d = 5518 + p. Is d a prime number?
False
Suppose 2*u = -4*l + 100, -4*u - 4*l + 114 = -66. Let m = u + -38. Suppose -3*n + 3*x + 2537 = 7*x, m*n = 3*x + 1714. Is n a prime number?
False
Is 6/12*(-29852832)/(-48) a composite number?
True
Let w be -7 - 15/(-5) - -59203. Is w/(-14)*(-12)/18 composite?
False
Let b = 30621 + -9682. Is b a prime number?
True
Let d(t) = -44*t**3 - 7*t**2 - 11*t + 3. Let g be d(-3). Let b(c) = 794*c. Let w be b(1). Let p = g - w. Is p composite?
False
Let g = 65902 - -48994. Is g/16 + (-2)/(-1) a composite number?
True
Let q(r) = 85*r**3 - 5*r - 6. Let x be q(4). Let u = x - 57. Is u a prime number?
False
Let n(g) = -2*g**2 + 157. Let h be n(9). Let s(b) = -2317*b - 36. Is s(h) prime?
True
Let f(b) = -80*b - 103. Let l = -262 - -240. Is f(l) a prime number?
True
Suppose -7 = -z - 5. Suppose d + 3*k - 9 = 4*d, z*d + 2*k - 6 = 0. Is (d - -1)/(3/4083) prime?
True
Let j(d) = 36 - 18 - 19*d - 21 + 4*d - 14*d. Let v = 7 + -11. Is j(v) prime?
True
Is (14964573/161 - 184/322) + 6/(-69) a prime number?
False
Suppose 0 = -p + 2885 + 89364. Is p a prime number?
False
Let w(r) = -96*r**3 - 5*r**2 + 13*r + 9. Let g be w(-5). Let t = -131 - -139. Suppose -t*s + g = -653. Is s prime?
True
Suppose 78*m = 130*m - 4816396. Is m prime?
True
Let r be 6325 + (2 - (2 - 2)) - 3. Suppose -4*t = 1472 - r. Is t a prime number?
True
Let k(f) = 66*f**2 + f + 5. Let d = -39 - -63. Suppose 20 - d = 2*m. Is k(m) composite?
True
Suppose 33*v - 15*v - 342 = 0. Suppose -3*r - v*i + 621 = -22*i, i = -4*r + 848. Is r composite?
False
Suppose -6*w + 3217974 = 999984 - 2136414. Is w a prime number?
False
Let d = -60 + 69. Let i(n) = -15 + d*n**2 + 4 + 9*n**2 - n - 11. Is i(-8) a prime number?
False
Let n(w) = w**2 + 11*w + 12. Let c be n(-10). Suppose 0 = p - 2*y + 924, -3 = -c*y + y. Let j = p + 1363. Is j a composite number?
True
Suppose -7*t + 33234 = 8293. Let c = t - 1126. Suppose -3*y - 2*k + c = 0, 4*y = -4*k + 3*k + 3256. Is y a prime number?
False
Let x be -1 - (0/(-3) + 0). Let y(q) = -2*q**2 - 4*q - 2. Let r be y(x). Suppose r = 6*f - 5*f - 79. Is f a composite number?
False
Let n = 21 + -27. Let s be (-195)/26*212/n. Suppose -3*c + s = 2*l, c - 4*l = -0*l + 93. Is c prime?
True
Let n be -6 - (-2 - (6 - -3)). Suppose 4696 = n*k - 5214. Is k a prime number?
False
Let b(o) be the third derivative of -3*o**4/4 - 17*o**3/2 - 24*o**2. Let j be b(-22). Let g = j + -164. Is g a prime number?
True
Let l(m) = 4679*m - 40. Let w = 154 - 151. Is l(w) prime?
True
Let g = -10060 + 29349. Is g composite?
False
Let t be (-394742)/(-14) + 3 + (-40)/14. Let c = t + -9223. Is c composite?
False
Let g be 150/(-5)*8/(-12). Suppose 6*a = g*a - 139146. Is a prime?
False
Let i be (-2 - 114/(-27)) + (-10)/45. Let j be 7/14*i*3. Is 71/((-1)/((-3)/j)) a prime number?
True
Let l = 3 - 0. Suppose 3*r - 8692 = -27*w + 29*w, -2*w - 11592 = -4*r. Suppose l*d - r = 1291. Is d prime?
False
Is (-33563*3/9)/((-10)/60) a composite number?
True
Let v(z) = 46*z**2 + z + 21. Let s = 177 - 181. Is v(s) a composite number?
True
Let c = 4576 + 20100. Suppose -24455 = -9*s + c. Is s prime?
False
Let n = 59 - 187. Let i = 72 + n. Let s = i - -535. Is s a composite number?
False
Let u be (21/(-28))/(18/(-48)). Is u*1/(-9) - 284660/(-36) composite?
False
Suppose 2*u - 7119 - 9513 = 4*n, 2*u = -8. Let h = -13434 - -7373. Let l = n - h. Is l a prime number?
True
Is -3*(-36133 - -12) + 8 composite?
True
Let j(f) = -742*f + 24. Let i be j(-18). Suppose 6*u + i = 11*u. Suppose -p = 5*p - u. Is p composite?
True
Let g(b) be the second derivative of 51*b**4/2 + 4*b**3/3 - 13*b**2/2 + 53*b. Is g(2) prime?
False
Suppose 0 = 5*n + r - 258, -16*r = -12*r - 12. Is (-4)/(-6)*(960 + n) prime?
False
Suppose -2*p + 30783 = o, -p - 19*o = -24*o - 15364. Is p a composite number?
True
Let z = 183159 + -83638. Suppose -7*b = -30*b + z. Is b a prime number?
True
Let z(y) = 12 - 721*y + 3 + 0 - 897*y. Is z(-2) composite?
False
Let q = 112 - 113. Let p be ((-4)/6)/1*(-10 - q). Suppose p*j = 2*x + 3*j - 176, 3*j - 334 = -4*x. Is x prime?
False
Let r(z) be the first derivative of 149*z**4/4 - 4*z**3/3 + 2*z + 57. Is r(3) a composite number?
False
Let n(v) = 41*v**3 - 10*v**2 - 50*v + 30. Let o(c) = 20*c**3 - 6*c**2 - 25*c + 15. Let m(j) = 3*n(j) - 7*o(j). Is m(-7) composite?
False
Let n(p) = 105*p + 12. Let l(q) = -106*q - 11. Let b = 16 - 21. Let o(a) = b*l(a) - 4*n(a). Is o(3) a prime number?
True
Let u = 892 + 16305. Is u a prime number?
False
Suppose 1630*q - 1638*q = -361432. Is q a prime number?
True
Suppose 9 = 3*f - n, 5*n - 6 - 1 = 2*f. Suppose -222170 = -f*m - 22*m. Is m a composite number?
True
Suppose 50*i = -44*i + 114*i - 23933660. Is i a prime number?
True
Suppose -25*a + 431762 + 437613 = 0. Let m = 51534 - a. Is m a composite number?
False
Let m = -36 - -30. Is 2*(m/(-8))/((-2)/(-4516)) composite?
True
Let i(b) = -b + 3. Let d be i(6). Let m = -70 + 159. Let t = d + m. Is t prime?
False
Suppose 0 = 5*t - 2*t + 2970. Let s be ((-560)/24)/14 + 2438/3. Let x = s - t. Is x prime?
True
Suppose v - 1 = -2*q, 0 = -2*q + 2*v + 2*v + 26. Suppose 0*b + 24 = -s - 4*b, q*s + 44 = -5*b. Let x(f) = -13*f - 35. Is x(s) composite?
True
Let l = -30323 + 163429. Is l prime?
False
Suppose -4 = -2*v - 0*v + 4*d, -2*v + 13 = -d. Suppose -v*l = -24*l + 251632. Is l prime?
True
Let h = 70 + -70. Suppose 2744 = 2*k - 8*g + 5*g, h = -2*k - 5*g + 2728. Is k a composite number?
True
Suppose -4*t - 46*r = -41*r - 3396382, t + 3*r - 849085 = 0. Is t prime?
True
Let d(m) be the first derivative of -m**4/4 - 2*m**3 + 7*m**2/2 - 6. Let c be d(-7). Suppose c*h + 2*h - 1070 = 0. Is h a prime number?
False
Let h be (63665/(-14))/(-5) - (-1)/2. Suppose 5*q + 6235 = h. Let x = -664 - q. Is x composite?
False
Let f(c) = 383*c + 1. Let u be f(-2). Let n be 8458325/7125 + (-34)/30 + 1. Let s = n + u. Is s a composite number?
True
Suppose 5*m - 5 = 0, 2*h + 13*m - 8*m = 801811. Is h prime?
True
Let p(m) = -m**3 - 7*m**2 - 2*m - 14. Let u be p(-7). Suppose 2*f + 2*j + 0*j = 4344, u = -3*j - 15. Is f prime?
False
Let b(y) = 121*y**2 + 48*y + 73. Is b(-14) prime?
True
Let f(q) = q**3 + 5*q**2 - 8*q + 5. Let z be f(-6). Let x(y) = 4*y**3 - z - 5*y - 13*y + 18*y**2 - 3*y**3. Is x(-8) a composite number?
True
Let u be ((-200)/8)/5*(0 - 1). Suppose -l = 4*j - 1027, -9*l + u*l + 2*j = -4162. Is l composite?
False
Let x = 76 - 62. Suppose 2*u - 5*u + 4*c + x = 0, 1 = -3*u + c. Is u*2/(-2) + (-15225)/(-7) composite?
True
Let r = -30136 - -51645. Is r a composite number?
True
Suppose -182*u + 790374 = -195*u. Is (u/12)/(14/(-4) - -3) a prime number?
True
Suppose y - 5*y = 2*w - 3310310, -y = -w - 827588. Is y prime?
True
Let o be (3 - 26/10)/(7/70). Suppose 4*m + 5*z = 15124, -z + 15124 = o*m + z. Is m prime?
False
Let o(m) = -m**2 - 11*m + 15. Let t be o(-12). Suppose t = -k + 6. Is 3/k*-2*742/(-4) prime?
False
Let x(y) = -y**3 + y**2 + 6*y + 3. Let s be x(3). Suppose -2 + s = n. Is (-1)/(-1 + (585/293 - n)) prime?
True
Let m b